{"id":66,"date":"2020-12-09T09:23:01","date_gmt":"2020-12-09T08:23:01","guid":{"rendered":"https:\/\/www.opco.fr\/info\/?page_id=66"},"modified":"2021-05-18T12:10:23","modified_gmt":"2021-05-18T10:10:23","slug":"opco-opcommerce","status":"publish","type":"page","link":"https:\/\/www.opco.fr\/info\/opco-opcommerce\/","title":{"rendered":"OPCO : OPCOMMERCE"},"content":{"rendered":"[vc_row][vc_column][vc_single_image image=\u00a0\u00bb102&Prime; img_size=\u00a0\u00bbfull\u00a0\u00bb alignment=\u00a0\u00bbcenter\u00a0\u00bb style=\u00a0\u00bbvc_box_shadow\u00a0\u00bb][vc_empty_space][vc_row_inner][vc_column_inner width=\u00a0\u00bb1\/4&Prime;][vc_single_image image=\u00a0\u00bb343&Prime; img_size=\u00a0\u00bbfull\u00a0\u00bb alignment=\u00a0\u00bbcenter\u00a0\u00bb style=\u00a0\u00bbvc_box_border\u00a0\u00bb][vc_column_text]\n<p style=\"text-align: center;\">Capture \u00e9cran<br \/>\nLopcommerce.com<br \/>\nMai 2021<\/p>\n[\/vc_column_text][\/vc_column_inner][vc_column_inner width=\u00a0\u00bb3\/4&Prime;][vc_column_text el_id=\u00a0\u00bbWP-opco\u00a0\u00bb]L&rsquo;OPCO <strong>OPCOMMERCE<\/strong> est l&rsquo;op\u00e9rateur de comp\u00e9tence des secteurs conventionnels des branches du commerce.<\/p>\n<p>\u00ab\u00a0<em>L&rsquo;Opcommerce est le partenaire Alternance-Comp\u00e9tences des entreprises du commerce, soit 19 branches professionnelles.<\/em>\u00a0\u00bb<\/p>\n<p><strong>Site web officiel : <\/strong><a href=\"https:\/\/www.lopcommerce.com\" target=\"_blank\" rel=\"noopener noreferrer\"><strong>https:\/\/www.lopcommerce.com<\/strong><\/a>[\/vc_column_text][\/vc_column_inner][\/vc_row_inner][vc_empty_space][vc_column_text el_class=\u00a0\u00bbWP-listeidcc\u00a0\u00bb]\n<h2>Liste indicative des IDCC du champ d&rsquo;intervention de l&rsquo;OPCOMMERCE<\/h2>\n<p>&nbsp;<\/p>\n<ul>\n<li><a href=\"https:\/\/www.opco.fr\/trouver\/?search=IDCC%2043\"><b>IDCC 43 :<\/b> Convention collective nationale des entreprises de commission, de courtage et de commerce intracommunautaire et d&rsquo;importation-exportation de France m\u00e9tropolitaine <\/a><\/li>\n<li><a href=\"https:\/\/www.opco.fr\/trouver\/?search=IDCC%20468\"><b>IDCC 468 :<\/b> Convention collective nationale du commerce succursaliste de la chaussure <\/a><\/li>\n<li><a href=\"https:\/\/www.opco.fr\/trouver\/?search=IDCC%20500\"><b>IDCC 500 :<\/b> Convention collective nationale des entreprises de distribution en chaussure, jouet, textile et mercerie <\/a><\/li>\n<li><a href=\"https:\/\/www.opco.fr\/trouver\/?search=IDCC%20675\"><b>IDCC 675 :<\/b> Convention collective nationale des maisons \u00e0 succursales de vente au d\u00e9tail d&rsquo;habillement <\/a><\/li>\n<li><a href=\"https:\/\/www.opco.fr\/trouver\/?search=IDCC%20706\"><b>IDCC 706 :<\/b> Convention collective nationale du personnel de la reprographie (annex\u00e9e \u00e0 la convention collective nationale des commerces de d\u00e9tail de papeterie, fournitures de bureau, de bureautique et informatique et de librairie 1539) <\/a><\/li>\n<li><a href=\"https:\/\/www.opco.fr\/trouver\/?search=IDCC%201314\"><b>IDCC 1314 :<\/b> Convention collective nationale des maisons d&rsquo;alimentation \u00e0 succursales, supermarch\u00e9s, hypermarch\u00e9s, \u00ab\u00a0g\u00e9rants mandataires\u00a0\u00bb (grande distribution) <\/a><\/li>\n<li><a href=\"https:\/\/www.opco.fr\/trouver\/?search=IDCC%201431\"><b>IDCC 1431 :<\/b> Convention collective nationale de l&rsquo;optique-lunetterie de d\u00e9tail <\/a><\/li>\n<li><a href=\"https:\/\/www.opco.fr\/trouver\/?search=IDCC%201487\"><b>IDCC 1487 :<\/b> Convention collective nationale du commerce de d\u00e9tail de l&rsquo;horlogerie-bijouterie <\/a><\/li>\n<li><a href=\"https:\/\/www.opco.fr\/trouver\/?search=IDCC%201505\"><b>IDCC 1505 :<\/b> Convention collective nationale du commerce de d\u00e9tail de fruits et l\u00e9gumes, \u00e9picerie et produits laitiers <\/a><\/li>\n<li><a href=\"https:\/\/www.opco.fr\/trouver\/?search=IDCC%201517\"><b>IDCC 1517 :<\/b> Convention collective nationale des commerces de d\u00e9tail non alimentaires : antiquit\u00e9s, brocante, galeries d&rsquo;art, arts de la table, coutellerie, droguerie, \u00e9quipement du foyer, bazars, commerces m\u00e9nagers, mod\u00e9lisme, jeux, jouets, p\u00e9rinatalit\u00e9 et maroquinerie(oeuvres d&rsquo;art) <\/a><\/li>\n<li><a href=\"https:\/\/www.opco.fr\/trouver\/?search=IDCC%201539\"><b>IDCC 1539 :<\/b> Convention collective nationale des commerces de d\u00e9tail de papeterie, fournitures de bureau, de bureautique et informatique [et de librairie] <\/a><\/li>\n<li><a href=\"https:\/\/www.opco.fr\/trouver\/?search=IDCC%201557\"><b>IDCC 1557 :<\/b> Convention collective nationale du commerce des articles de sports et d&rsquo;\u00e9quipements de loisirs (fusion entre la 1557 et la 1618) <\/a><\/li>\n<li><a href=\"https:\/\/www.opco.fr\/trouver\/?search=IDCC%201606\"><b>IDCC 1606 :<\/b> Convention collective nationale du bricolage <\/a><\/li>\n<li><a href=\"https:\/\/www.opco.fr\/trouver\/?search=IDCC%201686\"><b>IDCC 1686 :<\/b> Convention collective nationale des commerces et services de l&rsquo;audiovisuel, de l&rsquo;\u00e9lectronique et de l&rsquo;\u00e9quipement m\u00e9nager <\/a><\/li>\n<li><a href=\"https:\/\/www.opco.fr\/trouver\/?search=IDCC%201760\"><b>IDCC 1760 :<\/b> Convention collective nationale des jardineries et graineteries <\/a><\/li>\n<li><a href=\"https:\/\/www.opco.fr\/trouver\/?search=IDCC%201880\"><b>IDCC 1880 :<\/b> Convention collective nationale du n\u00e9goce de l&rsquo;ameublement <\/a><\/li>\n<li><a href=\"https:\/\/www.opco.fr\/trouver\/?search=IDCC%202156\"><b>IDCC 2156 :<\/b> Convention collective nationale des grands magasins et des magasins populaires <\/a><\/li>\n<li><a href=\"https:\/\/www.opco.fr\/trouver\/?search=IDCC%202198\"><b>IDCC 2198 :<\/b> Convention collective nationale des entreprises de vente \u00e0 distance <\/a><\/li>\n<li><a href=\"https:\/\/www.opco.fr\/trouver\/?search=IDCC%202216\"><b>IDCC 2216 :<\/b> Convention collective nationale du commerce de d\u00e9tail et de gros \u00e0 pr\u00e9dominance alimentaire (entrep\u00f4ts d&rsquo;alimentation, sup\u00e9rettes, supermarch\u00e9s, hypermarch\u00e9s, grande distribution) <\/a><\/li>\n<li><a href=\"https:\/\/www.opco.fr\/trouver\/?search=IDCC%203168\"><b>IDCC 3168 :<\/b> Convention collective nationale des professions de la photographie <\/a><\/li>\n<li><a href=\"https:\/\/www.opco.fr\/trouver\/?search=IDCC%203205\"><b>IDCC 3205 :<\/b> Convention collective nationale du personnel des coop\u00e9ratives de consommation <\/a><\/li>\n<\/ul>\n[\/vc_column_text][\/vc_column][\/vc_row]\n","protected":false},"excerpt":{"rendered":"<p>[vc_row][vc_column][vc_single_image image=\u00a0\u00bb102&Prime; img_size=\u00a0\u00bbfull\u00a0\u00bb alignment=\u00a0\u00bbcenter\u00a0\u00bb style=\u00a0\u00bbvc_box_shadow\u00a0\u00bb][vc_empty_space][vc_row_inner][vc_column_inner width=\u00a0\u00bb1\/4&Prime;][vc_single_image image=\u00a0\u00bb343&Prime; img_size=\u00a0\u00bbfull\u00a0\u00bb alignment=\u00a0\u00bbcenter\u00a0\u00bb style=\u00a0\u00bbvc_box_border\u00a0\u00bb][vc_column_text] Capture \u00e9cran Lopcommerce.com Mai 2021 [\/vc_column_text][\/vc_column_inner][vc_column_inner width=\u00a0\u00bb3\/4&Prime;][vc_column_text el_id=\u00a0\u00bbWP-opco\u00a0\u00bb]L&rsquo;OPCO OPCOMMERCE est l&rsquo;op\u00e9rateur de comp\u00e9tence des secteurs conventionnels des branches du commerce. \u00ab\u00a0L&rsquo;Opcommerce est le partenaire Alternance-Comp\u00e9tences des entreprises du commerce, soit 19 branches professionnelles.\u00a0\u00bb Site web officiel : https:\/\/www.lopcommerce.com[\/vc_column_text][\/vc_column_inner][\/vc_row_inner][vc_empty_space][vc_column_text el_class=\u00a0\u00bbWP-listeidcc\u00a0\u00bb] Liste indicative des IDCC du champ [&hellip;]<\/p>\n","protected":false},"author":1,"featured_media":0,"parent":0,"menu_order":0,"comment_status":"closed","ping_status":"closed","template":"","meta":[],"yoast_head":"<!-- This site is optimized with the Yoast SEO plugin v16.1.1 - https:\/\/yoast.com\/wordpress\/plugins\/seo\/ -->\n<title>OPCO : OPCOMMERCE - OPCO.fr<\/title>\n<meta name=\"description\" content=\"Liste des IDCC du champ d\u2019intervention de l\u2019OPCOMMERCE\" \/>\n<link rel=\"canonical\" href=\"https:\/\/www.opco.fr\/info\/opco-opcommerce\/\" \/>\n<meta property=\"og:locale\" content=\"fr_FR\" \/>\n<meta property=\"og:type\" content=\"article\" \/>\n<meta property=\"og:title\" content=\"OPCO : OPCOMMERCE - OPCO.fr\" \/>\n<meta property=\"og:description\" content=\"Liste des IDCC du champ d\u2019intervention de l\u2019OPCOMMERCE\" \/>\n<meta property=\"og:url\" content=\"https:\/\/www.opco.fr\/info\/opco-opcommerce\/\" \/>\n<meta property=\"og:site_name\" content=\"OPCO.fr\" \/>\n<meta property=\"article:modified_time\" content=\"2021-05-18T10:10:23+00:00\" \/>\n<meta name=\"twitter:card\" content=\"summary_large_image\" \/>\n<meta name=\"twitter:label1\" content=\"Dur\u00e9e de lecture est.\">\n\t<meta name=\"twitter:data1\" content=\"2 minutes\">\n<script type=\"application\/ld+json\" class=\"yoast-schema-graph\">{\"@context\":\"https:\/\/schema.org\",\"@graph\":[{\"@type\":\"WebSite\",\"@id\":\"https:\/\/www.opco.fr\/info\/#website\",\"url\":\"https:\/\/www.opco.fr\/info\/\",\"name\":\"OPCO.fr\",\"description\":\"Optimisateur de comp\\u00e9tences\",\"potentialAction\":[{\"@type\":\"SearchAction\",\"target\":\"https:\/\/www.opco.fr\/info\/?s={search_term_string}\",\"query-input\":\"required name=search_term_string\"}],\"inLanguage\":\"fr-FR\"},{\"@type\":\"WebPage\",\"@id\":\"https:\/\/www.opco.fr\/info\/opco-opcommerce\/#webpage\",\"url\":\"https:\/\/www.opco.fr\/info\/opco-opcommerce\/\",\"name\":\"OPCO : OPCOMMERCE - OPCO.fr\",\"isPartOf\":{\"@id\":\"https:\/\/www.opco.fr\/info\/#website\"},\"datePublished\":\"2020-12-09T08:23:01+00:00\",\"dateModified\":\"2021-05-18T10:10:23+00:00\",\"description\":\"Liste des IDCC du champ d\\u2019intervention de l\\u2019OPCOMMERCE\",\"breadcrumb\":{\"@id\":\"https:\/\/www.opco.fr\/info\/opco-opcommerce\/#breadcrumb\"},\"inLanguage\":\"fr-FR\",\"potentialAction\":[{\"@type\":\"ReadAction\",\"target\":[\"https:\/\/www.opco.fr\/info\/opco-opcommerce\/\"]}]},{\"@type\":\"BreadcrumbList\",\"@id\":\"https:\/\/www.opco.fr\/info\/opco-opcommerce\/#breadcrumb\",\"itemListElement\":[{\"@type\":\"ListItem\",\"position\":1,\"item\":{\"@type\":\"WebPage\",\"@id\":\"https:\/\/www.opco.fr\/info\/\",\"url\":\"https:\/\/www.opco.fr\/info\/\",\"name\":\"Accueil\"}},{\"@type\":\"ListItem\",\"position\":2,\"item\":{\"@type\":\"WebPage\",\"@id\":\"https:\/\/www.opco.fr\/info\/opco-opcommerce\/\",\"url\":\"https:\/\/www.opco.fr\/info\/opco-opcommerce\/\",\"name\":\"OPCO : OPCOMMERCE\"}}]}]}<\/script>\n<!-- \/ Yoast SEO plugin. -->","_links":{"self":[{"href":"https:\/\/www.opco.fr\/info\/wp-json\/wp\/v2\/pages\/66"}],"collection":[{"href":"https:\/\/www.opco.fr\/info\/wp-json\/wp\/v2\/pages"}],"about":[{"href":"https:\/\/www.opco.fr\/info\/wp-json\/wp\/v2\/types\/page"}],"author":[{"embeddable":true,"href":"https:\/\/www.opco.fr\/info\/wp-json\/wp\/v2\/users\/1"}],"replies":[{"embeddable":true,"href":"https:\/\/www.opco.fr\/info\/wp-json\/wp\/v2\/comments?post=66"}],"version-history":[{"count":6,"href":"https:\/\/www.opco.fr\/info\/wp-json\/wp\/v2\/pages\/66\/revisions"}],"predecessor-version":[{"id":344,"href":"https:\/\/www.opco.fr\/info\/wp-json\/wp\/v2\/pages\/66\/revisions\/344"}],"wp:attachment":[{"href":"https:\/\/www.opco.fr\/info\/wp-json\/wp\/v2\/media?parent=66"}],"curies":[{"name":"wp","href":"https:\/\/api.w.org\/{rel}","templated":true}]}}