{"id":52,"date":"2020-12-09T08:38:50","date_gmt":"2020-12-09T07:38:50","guid":{"rendered":"https:\/\/www.opco.fr\/info\/?page_id=52"},"modified":"2021-05-18T10:49:40","modified_gmt":"2021-05-18T08:49:40","slug":"opco-opco-2i","status":"publish","type":"page","link":"https:\/\/www.opco.fr\/info\/opco-opco-2i\/","title":{"rendered":"OPCO : OPCO 2I"},"content":{"rendered":"[vc_row][vc_column][vc_single_image image=\u00a0\u00bb100&Prime; img_size=\u00a0\u00bbfull\u00a0\u00bb alignment=\u00a0\u00bbcenter\u00a0\u00bb style=\u00a0\u00bbvc_box_shadow\u00a0\u00bb][vc_empty_space][vc_row_inner][vc_column_inner width=\u00a0\u00bb1\/4&Prime;][vc_single_image image=\u00a0\u00bb323&Prime; img_size=\u00a0\u00bbfull\u00a0\u00bb alignment=\u00a0\u00bbcenter\u00a0\u00bb style=\u00a0\u00bbvc_box_border\u00a0\u00bb][vc_column_text]\n<p style=\"text-align: center;\">Capture \u00e9cran<br \/>\nopco2i.fr<br \/>\nMai 2021<\/p>\n[\/vc_column_text][\/vc_column_inner][vc_column_inner width=\u00a0\u00bb3\/4&Prime;][vc_column_text el_id=\u00a0\u00bbWP-opco\u00a0\u00bb]L&rsquo;OPCO 2i est l&rsquo;op\u00e9rateur de comp\u00e9tences des secteurs des industries chimiques, pharmaceutiques, du papiers-carton et de la m\u00e9tallurgie.<\/p>\n<p>Ces branches interindustriel rassemble 32 branches professionnelles. Il reprend partiellement ou totalement les champs de comp\u00e9tences des OPCA OPCAIM, OPCA DEFi, OPCA 3+,\u00a0AGEFOS-PME et OPCALIA\u00a0.<\/p>\n<p><strong>Site web officiel : <a href=\"https:\/\/www.opco2i.fr\" target=\"_blank\" rel=\"noopener noreferrer\">https:\/\/www.opco2i.fr<\/a><\/strong>[\/vc_column_text][\/vc_column_inner][\/vc_row_inner][vc_empty_space][vc_column_text el_class=\u00a0\u00bbWP-listeidcc\u00a0\u00bb]\n<h2>Liste indicative des IDCC du champ d&rsquo;intervention de l&rsquo;OPCO 2i<\/h2>\n<p>&nbsp;<\/p>\n<ul>\n<li><a href=\"https:\/\/www.opco.fr\/trouver\/?search=IDCC%2018\"><b>IDCC 18 :<\/b> Convention collective nationale des industries textiles <\/a><\/li>\n<li><a href=\"https:\/\/www.opco.fr\/trouver\/?search=IDCC%2044\"><b>IDCC 44 :<\/b> Convention collective nationale des industries chimiques et connexes <\/a><\/li>\n<li><a href=\"https:\/\/www.opco.fr\/trouver\/?search=IDCC%2045\"><b>IDCC 45 :<\/b> Convention collective nationale du caoutchouc <\/a><\/li>\n<li><a href=\"https:\/\/www.opco.fr\/trouver\/?search=IDCC%2087\"><b>IDCC 87 :<\/b> Convention collective nationale des ouvriers des industries de carri\u00e8res et de mat\u00e9riaux <\/a><\/li>\n<li><a href=\"https:\/\/www.opco.fr\/trouver\/?search=IDCC%20135\"><b>IDCC 135 :<\/b> Convention collective nationale des employ\u00e9s techniciens et agents de ma\u00eetrise des industries de carri\u00e8res et de mat\u00e9riaux <\/a><\/li>\n<li><a href=\"https:\/\/www.opco.fr\/trouver\/?search=IDCC%20176\"><b>IDCC 176 :<\/b> Convention collective nationale de l&rsquo;industrie pharmaceutique <\/a><\/li>\n<li><a href=\"https:\/\/www.opco.fr\/trouver\/?search=IDCC%20207\"><b>IDCC 207 :<\/b> Convention collective nationale de l&rsquo;industrie des cuirs et peaux (annex\u00e9e \u00e0 la convention collective nationale de travail des industries de la maroquinerie, articles de voyage, chasse sellerie, gainerie, bracelets en cuir 2528) <\/a><\/li>\n<li><a href=\"https:\/\/www.opco.fr\/trouver\/?search=IDCC%20211\"><b>IDCC 211 :<\/b> Convention collective nationale des cadres des industries de carri\u00e8res et mat\u00e9riaux (UNICEM) <\/a><\/li>\n<li><a href=\"https:\/\/www.opco.fr\/trouver\/?search=IDCC%20247\"><b>IDCC 247 :<\/b> Convention collective nationale des industries de l&rsquo;habillement <\/a><\/li>\n<li><a href=\"https:\/\/www.opco.fr\/trouver\/?search=IDCC%20292\"><b>IDCC 292 :<\/b> Convention collective nationale de la plasturgie (transformation des mati\u00e8res plastiques) <\/a><\/li>\n<li><a href=\"https:\/\/www.opco.fr\/trouver\/?search=IDCC%20303\"><b>IDCC 303 :<\/b> Convention collective r\u00e9gionale de la couture parisienne <\/a><\/li>\n<li><a href=\"https:\/\/www.opco.fr\/trouver\/?search=IDCC%20489\"><b>IDCC 489 :<\/b> Convention collective nationale du personnel des industries du cartonnage <\/a><\/li>\n<li><a href=\"https:\/\/www.opco.fr\/trouver\/?search=IDCC%20567\"><b>IDCC 567 :<\/b> Convention collective nationale de la bijouterie, joaillerie, orf\u00e8vrerie et des activit\u00e9s qui s&rsquo;y rattachent <\/a><\/li>\n<li><a href=\"https:\/\/www.opco.fr\/trouver\/?search=IDCC%20637\"><b>IDCC 637 :<\/b> Convention collective nationale des industries et du commerce de la r\u00e9cup\u00e9ration (recyclage, r\u00e9gions Nord-Pas-de-Calais, Picardie) <\/a><\/li>\n<li><a href=\"https:\/\/www.opco.fr\/trouver\/?search=IDCC%20669\"><b>IDCC 669 :<\/b> Convention collective nationale des industries de fabrication m\u00e9canique du verre <\/a><\/li>\n<li><a href=\"https:\/\/www.opco.fr\/trouver\/?search=IDCC%20700\"><b>IDCC 700 :<\/b> Convention collective nationale des ing\u00e9nieurs et cadres de la production des papiers, cartons et celluloses <\/a><\/li>\n<li><a href=\"https:\/\/www.opco.fr\/trouver\/?search=IDCC%20707\"><b>IDCC 707 :<\/b> Convention collective nationale des ing\u00e9nieurs et cadres de la transformation des papiers cartons et de la pellicule cellulosique <\/a><\/li>\n<li><a href=\"https:\/\/www.opco.fr\/trouver\/?search=IDCC%20715\"><b>IDCC 715 :<\/b> Convention collective nationale des instruments \u00e0 \u00e9crire et des industries connexes (annex\u00e9e \u00e0 la convention collective du personnel des industries du cartonnage 0489) <\/a><\/li>\n<li><a href=\"https:\/\/www.opco.fr\/trouver\/?search=IDCC%20802\"><b>IDCC 802 :<\/b> Convention collective nationale de la distribution de papiers-cartons commerces de gros pour les ouvriers, employ\u00e9s, techniciens et agents de ma\u00eetrise <\/a><\/li>\n<li><a href=\"https:\/\/www.opco.fr\/trouver\/?search=IDCC%20925\"><b>IDCC 925 :<\/b> Convention collective nationale des ing\u00e9nieurs et cadres de la distribution des papiers et cartons, commerce de gros <\/a><\/li>\n<li><a href=\"https:\/\/www.opco.fr\/trouver\/?search=IDCC%20998\"><b>IDCC 998 :<\/b> Convention collective nationale des ouvriers, employ\u00e9s, techniciens et agents de ma\u00eetrise de l&rsquo;exploitation d&rsquo;\u00e9quipements thermiques et de g\u00e9nie climatique <\/a><\/li>\n<li><a href=\"https:\/\/www.opco.fr\/trouver\/?search=IDCC%201044\"><b>IDCC 1044 :<\/b> Convention collective nationale de l&rsquo;horlogerie (annex\u00e9e \u00e0 la convention collective nationale de la bijouterie, joaillerie, orf\u00e8vrerie et des activit\u00e9s qui s&rsquo;y rattachent 0567) <\/a><\/li>\n<li><a href=\"https:\/\/www.opco.fr\/trouver\/?search=IDCC%201170\"><b>IDCC 1170 :<\/b> Convention collective nationale de l&rsquo;industrie des tuiles et briques (CCNTB) <\/a><\/li>\n<li><a href=\"https:\/\/www.opco.fr\/trouver\/?search=IDCC%201256\"><b>IDCC 1256 :<\/b> Convention collective nationale des cadres, ing\u00e9nieurs et assimil\u00e9s des entreprises de gestion d&rsquo;\u00e9quipements thermiques et de climatisation <\/a><\/li>\n<li><a href=\"https:\/\/www.opco.fr\/trouver\/?search=IDCC%201388\"><b>IDCC 1388 :<\/b> Convention collective nationale de l&rsquo;industrie du p\u00e9trole <\/a><\/li>\n<li><a href=\"https:\/\/www.opco.fr\/trouver\/?search=IDCC%201411\"><b>IDCC 1411 :<\/b> Convention collective nationale de la fabrication de l&rsquo;ameublement <\/a><\/li>\n<li><a href=\"https:\/\/www.opco.fr\/trouver\/?search=IDCC%201423\"><b>IDCC 1423 :<\/b> Convention collective nationale des entreprises relevant de la navigation de plaisance <\/a><\/li>\n<li><a href=\"https:\/\/www.opco.fr\/trouver\/?search=IDCC%201492\"><b>IDCC 1492 :<\/b> Convention collective nationale des ouvriers, employ\u00e9s, dessinateurs, techniciens et agents de ma\u00eetrise de la production des papiers, cartons et celluloses <\/a><\/li>\n<li><a href=\"https:\/\/www.opco.fr\/trouver\/?search=IDCC%201495\"><b>IDCC 1495 :<\/b> Convention collective nationale pour les ouvriers, employ\u00e9s, dessinateurs, techniciens et agents de ma\u00eetrise de la transformation des papiers, cartons et celluloses <\/a><\/li>\n<li><a href=\"https:\/\/www.opco.fr\/trouver\/?search=IDCC%201555\"><b>IDCC 1555 :<\/b> Convention collective nationale de la fabrication et du commerce des produits \u00e0 usage pharmaceutique, parapharmaceutique et v\u00e9t\u00e9rinaire <\/a><\/li>\n<li><a href=\"https:\/\/www.opco.fr\/trouver\/?search=IDCC%201558\"><b>IDCC 1558 :<\/b> Convention collective nationale relative aux conditions de travail du personnel des industries c\u00e9ramiques de France <\/a><\/li>\n<li><a href=\"https:\/\/www.opco.fr\/trouver\/?search=IDCC%201580\"><b>IDCC 1580 :<\/b> Convention collective nationale de l&rsquo;industrie de la chaussure et des articles chaussants <\/a><\/li>\n<li><a href=\"https:\/\/www.opco.fr\/trouver\/?search=IDCC%201607\"><b>IDCC 1607 :<\/b> Convention collective nationale des industries des jeux, jouets, articles de f\u00eates et ornements de No\u00ebl, articles de pu\u00e9riculture et voitures d&rsquo;enfants mod\u00e9lisme et industries connexes <\/a><\/li>\n<li><a href=\"https:\/\/www.opco.fr\/trouver\/?search=IDCC%201821\"><b>IDCC 1821 :<\/b> Convention collective nationale des professions regroup\u00e9es du cristal, du verre et du vitrail <\/a><\/li>\n<li><a href=\"https:\/\/www.opco.fr\/trouver\/?search=IDCC%202089\"><b>IDCC 2089 :<\/b> Convention collective nationale de l&rsquo;industrie des panneaux \u00e0 base de bois <\/a><\/li>\n<li><a href=\"https:\/\/www.opco.fr\/trouver\/?search=IDCC%202528\"><b>IDCC 2528 :<\/b> Convention collective nationale de travail des industries de la maroquinerie, articles de voyage, chasse sellerie, gainerie, bracelets en cuir <\/a><\/li>\n<li><a href=\"https:\/\/www.opco.fr\/trouver\/?search=IDCC%203224\"><b>IDCC 3224 :<\/b> Convention collective nationale de la distribution des papiers-cartons ; commerce de gros <\/a><\/li>\n<li><a href=\"https:\/\/www.opco.fr\/trouver\/?search=IDCC%203227\"><b>IDCC 3227 :<\/b> Convention collective nationale des industries de la fabrication de la chaux <\/a><\/li>\n<li><a href=\"https:\/\/www.opco.fr\/trouver\/?search=IDCC%205001\"><b>IDCC 5001 :<\/b> Statut des industries \u00e9lectriques et gazi\u00e8res <\/a><\/li>\n<\/ul>\n[\/vc_column_text][\/vc_column][\/vc_row]\n","protected":false},"excerpt":{"rendered":"<p>[vc_row][vc_column][vc_single_image image=\u00a0\u00bb100&Prime; img_size=\u00a0\u00bbfull\u00a0\u00bb alignment=\u00a0\u00bbcenter\u00a0\u00bb style=\u00a0\u00bbvc_box_shadow\u00a0\u00bb][vc_empty_space][vc_row_inner][vc_column_inner width=\u00a0\u00bb1\/4&Prime;][vc_single_image image=\u00a0\u00bb323&Prime; img_size=\u00a0\u00bbfull\u00a0\u00bb alignment=\u00a0\u00bbcenter\u00a0\u00bb style=\u00a0\u00bbvc_box_border\u00a0\u00bb][vc_column_text] Capture \u00e9cran opco2i.fr Mai 2021 [\/vc_column_text][\/vc_column_inner][vc_column_inner width=\u00a0\u00bb3\/4&Prime;][vc_column_text el_id=\u00a0\u00bbWP-opco\u00a0\u00bb]L&rsquo;OPCO 2i est l&rsquo;op\u00e9rateur de comp\u00e9tences des secteurs des industries chimiques, pharmaceutiques, du papiers-carton et de la m\u00e9tallurgie. Ces branches interindustriel rassemble 32 branches professionnelles. Il reprend partiellement ou totalement les champs de comp\u00e9tences des OPCA OPCAIM, OPCA [&hellip;]<\/p>\n","protected":false},"author":1,"featured_media":0,"parent":0,"menu_order":0,"comment_status":"closed","ping_status":"closed","template":"","meta":[],"yoast_head":"<!-- This site is optimized with the Yoast SEO plugin v16.1.1 - https:\/\/yoast.com\/wordpress\/plugins\/seo\/ -->\n<title>OPCO : OPCO 2I - OPCO.fr<\/title>\n<meta name=\"description\" content=\"Liste des IDCC du champ d\u2019intervention de l\u2019OPCO 2i\" \/>\n<link rel=\"canonical\" href=\"https:\/\/www.opco.fr\/info\/opco-opco-2i\/\" \/>\n<meta property=\"og:locale\" content=\"fr_FR\" \/>\n<meta property=\"og:type\" content=\"article\" \/>\n<meta property=\"og:title\" content=\"OPCO : OPCO 2I - OPCO.fr\" \/>\n<meta property=\"og:description\" content=\"Liste des IDCC du champ d\u2019intervention de l\u2019OPCO 2i\" \/>\n<meta property=\"og:url\" content=\"https:\/\/www.opco.fr\/info\/opco-opco-2i\/\" \/>\n<meta property=\"og:site_name\" content=\"OPCO.fr\" \/>\n<meta property=\"article:modified_time\" content=\"2021-05-18T08:49:40+00:00\" \/>\n<meta name=\"twitter:card\" content=\"summary_large_image\" \/>\n<meta name=\"twitter:label1\" content=\"Dur\u00e9e de lecture est.\">\n\t<meta name=\"twitter:data1\" content=\"4 minutes\">\n<script type=\"application\/ld+json\" class=\"yoast-schema-graph\">{\"@context\":\"https:\/\/schema.org\",\"@graph\":[{\"@type\":\"WebSite\",\"@id\":\"https:\/\/www.opco.fr\/info\/#website\",\"url\":\"https:\/\/www.opco.fr\/info\/\",\"name\":\"OPCO.fr\",\"description\":\"Optimisateur de comp\\u00e9tences\",\"potentialAction\":[{\"@type\":\"SearchAction\",\"target\":\"https:\/\/www.opco.fr\/info\/?s={search_term_string}\",\"query-input\":\"required name=search_term_string\"}],\"inLanguage\":\"fr-FR\"},{\"@type\":\"WebPage\",\"@id\":\"https:\/\/www.opco.fr\/info\/opco-opco-2i\/#webpage\",\"url\":\"https:\/\/www.opco.fr\/info\/opco-opco-2i\/\",\"name\":\"OPCO : OPCO 2I - OPCO.fr\",\"isPartOf\":{\"@id\":\"https:\/\/www.opco.fr\/info\/#website\"},\"datePublished\":\"2020-12-09T07:38:50+00:00\",\"dateModified\":\"2021-05-18T08:49:40+00:00\",\"description\":\"Liste des IDCC du champ d\\u2019intervention de l\\u2019OPCO 2i\",\"breadcrumb\":{\"@id\":\"https:\/\/www.opco.fr\/info\/opco-opco-2i\/#breadcrumb\"},\"inLanguage\":\"fr-FR\",\"potentialAction\":[{\"@type\":\"ReadAction\",\"target\":[\"https:\/\/www.opco.fr\/info\/opco-opco-2i\/\"]}]},{\"@type\":\"BreadcrumbList\",\"@id\":\"https:\/\/www.opco.fr\/info\/opco-opco-2i\/#breadcrumb\",\"itemListElement\":[{\"@type\":\"ListItem\",\"position\":1,\"item\":{\"@type\":\"WebPage\",\"@id\":\"https:\/\/www.opco.fr\/info\/\",\"url\":\"https:\/\/www.opco.fr\/info\/\",\"name\":\"Accueil\"}},{\"@type\":\"ListItem\",\"position\":2,\"item\":{\"@type\":\"WebPage\",\"@id\":\"https:\/\/www.opco.fr\/info\/opco-opco-2i\/\",\"url\":\"https:\/\/www.opco.fr\/info\/opco-opco-2i\/\",\"name\":\"OPCO : OPCO 2I\"}}]}]}<\/script>\n<!-- \/ Yoast SEO plugin. -->","_links":{"self":[{"href":"https:\/\/www.opco.fr\/info\/wp-json\/wp\/v2\/pages\/52"}],"collection":[{"href":"https:\/\/www.opco.fr\/info\/wp-json\/wp\/v2\/pages"}],"about":[{"href":"https:\/\/www.opco.fr\/info\/wp-json\/wp\/v2\/types\/page"}],"author":[{"embeddable":true,"href":"https:\/\/www.opco.fr\/info\/wp-json\/wp\/v2\/users\/1"}],"replies":[{"embeddable":true,"href":"https:\/\/www.opco.fr\/info\/wp-json\/wp\/v2\/comments?post=52"}],"version-history":[{"count":6,"href":"https:\/\/www.opco.fr\/info\/wp-json\/wp\/v2\/pages\/52\/revisions"}],"predecessor-version":[{"id":324,"href":"https:\/\/www.opco.fr\/info\/wp-json\/wp\/v2\/pages\/52\/revisions\/324"}],"wp:attachment":[{"href":"https:\/\/www.opco.fr\/info\/wp-json\/wp\/v2\/media?parent=52"}],"curies":[{"name":"wp","href":"https:\/\/api.w.org\/{rel}","templated":true}]}}