{"id":46,"date":"2020-12-08T15:57:45","date_gmt":"2020-12-08T14:57:45","guid":{"rendered":"https:\/\/www.opco.fr\/info\/?page_id=46"},"modified":"2021-05-18T10:41:02","modified_gmt":"2021-05-18T08:41:02","slug":"opco-constructys","status":"publish","type":"page","link":"https:\/\/www.opco.fr\/info\/opco-constructys\/","title":{"rendered":"OPCO : CONSTRUCTYS"},"content":{"rendered":"[vc_row][vc_column][vc_single_image image=\u00a0\u00bb97&Prime; img_size=\u00a0\u00bbfull\u00a0\u00bb alignment=\u00a0\u00bbcenter\u00a0\u00bb style=\u00a0\u00bbvc_box_shadow\u00a0\u00bb][vc_empty_space][vc_row_inner][vc_column_inner width=\u00a0\u00bb1\/4&Prime;][vc_single_image image=\u00a0\u00bb319&Prime; img_size=\u00a0\u00bbfull\u00a0\u00bb alignment=\u00a0\u00bbcenter\u00a0\u00bb style=\u00a0\u00bbvc_box_border\u00a0\u00bb][vc_column_text]\n<p style=\"text-align: center;\">Capture \u00e9cran<br \/>\nConstructys.fr<br \/>\nMai 2021<\/p>\n[\/vc_column_text][\/vc_column_inner][vc_column_inner width=\u00a0\u00bb3\/4&Prime;][vc_column_text el_id=\u00a0\u00bbWP-opco\u00a0\u00bb]\n<h2><\/h2>\n<p>L&rsquo;OPCO CONSTRUCTYS est l&rsquo;op\u00e9rateur de comp\u00e9tences\u00a0 du b\u00e2timent, des travaux publics, du n\u00e9goce des mat\u00e9riaux de construction et de bois.<\/p>\n<p>\u00ab\u00a0Sa mission est d\u2019accompagner les entreprises dans le d\u00e9veloppement des comp\u00e9tences de leurs salari\u00e9s, de d\u00e9velopper, soutenir et financer l\u2019alternance (apprentissage et professionnalisation) et d\u2019appuyer les branches professionnelles dans l\u2019ing\u00e9nierie de certification.\u00a0\u00bb<\/p>\n<p><strong>Site web officiel: <\/strong><a href=\"https:\/\/www.constructys.fr\" target=\"_blank\" rel=\"noopener noreferrer\"><strong>https:\/\/www.constructys.fr<\/strong><\/a>[\/vc_column_text][\/vc_column_inner][\/vc_row_inner][vc_empty_space][vc_column_text el_class=\u00a0\u00bbWP-listeidcc\u00a0\u00bb]\n<h2>Liste indicative des IDCC du champ d\u2019intervention de CONSTRUCTYS<\/h2>\n<p>&nbsp;<\/p>\n<ul>\n<li><a href=\"https:\/\/www.opco.fr\/trouver\/?search=IDCC%201596\"><b>IDCC 1596 :<\/b> Convention collective nationale concernant les ouvriers employ\u00e9s par les entreprises du b\u00e2timent vis\u00e9es par le d\u00e9cret du 1er mars 1962 -c&rsquo;est-\u00e0-dire occupant jusqu&rsquo;\u00e0 10 salari\u00e9s- <\/a><\/li>\n<li><a href=\"https:\/\/www.opco.fr\/trouver\/?search=IDCC%201597\"><b>IDCC 1597 :<\/b> Convention collective nationale concernant les ouvriers employ\u00e9s par les entreprises du b\u00e2timent non vis\u00e9es par le d\u00e9cret 1er mars 1962 -c&rsquo;est-\u00e0-dire occupant plus de 10 salari\u00e9s- <\/a><\/li>\n<li><a href=\"https:\/\/www.opco.fr\/trouver\/?search=IDCC%201702\"><b>IDCC 1702 :<\/b> Convention collective nationale des ouvriers de travaux publics <\/a><\/li>\n<li><a href=\"https:\/\/www.opco.fr\/trouver\/?search=IDCC%201947\"><b>IDCC 1947 :<\/b> Convention collective nationale du n\u00e9goce de bois d&rsquo;oeuvre et produits d\u00e9riv\u00e9s <\/a><\/li>\n<li><a href=\"https:\/\/www.opco.fr\/trouver\/?search=IDCC%202420\"><b>IDCC 2420 :<\/b> Convention collective nationale des cadres du b\u00e2timent du 1er juin 2004 <\/a><\/li>\n<li><a href=\"https:\/\/www.opco.fr\/trouver\/?search=IDCC%202609\"><b>IDCC 2609 :<\/b> Convention collective nationale des employ\u00e9s, techniciens et agents de ma\u00eetrise du b\u00e2timent <\/a><\/li>\n<li><a href=\"https:\/\/www.opco.fr\/trouver\/?search=IDCC%202614\"><b>IDCC 2614 :<\/b> Convention collective nationale des employ\u00e9s, techniciens et agents de ma\u00eetrise des travaux publics <\/a><\/li>\n<li><a href=\"https:\/\/www.opco.fr\/trouver\/?search=IDCC%203212\"><b>IDCC 3212 :<\/b> Convention collective nationale des cadres des travaux publics <\/a><\/li>\n<li><a href=\"https:\/\/www.opco.fr\/trouver\/?search=IDCC%203216\"><b>IDCC 3216 :<\/b> Convention collective nationale des salari\u00e9s du n\u00e9goce des mat\u00e9riaux de construction <\/a><\/li>\n<\/ul>\n[\/vc_column_text][\/vc_column][\/vc_row]\n","protected":false},"excerpt":{"rendered":"<p>[vc_row][vc_column][vc_single_image image=\u00a0\u00bb97&Prime; img_size=\u00a0\u00bbfull\u00a0\u00bb alignment=\u00a0\u00bbcenter\u00a0\u00bb style=\u00a0\u00bbvc_box_shadow\u00a0\u00bb][vc_empty_space][vc_row_inner][vc_column_inner width=\u00a0\u00bb1\/4&Prime;][vc_single_image image=\u00a0\u00bb319&Prime; img_size=\u00a0\u00bbfull\u00a0\u00bb alignment=\u00a0\u00bbcenter\u00a0\u00bb style=\u00a0\u00bbvc_box_border\u00a0\u00bb][vc_column_text] Capture \u00e9cran Constructys.fr Mai 2021 [\/vc_column_text][\/vc_column_inner][vc_column_inner width=\u00a0\u00bb3\/4&Prime;][vc_column_text el_id=\u00a0\u00bbWP-opco\u00a0\u00bb] L&rsquo;OPCO CONSTRUCTYS est l&rsquo;op\u00e9rateur de comp\u00e9tences\u00a0 du b\u00e2timent, des travaux publics, du n\u00e9goce des mat\u00e9riaux de construction et de bois. \u00ab\u00a0Sa mission est d\u2019accompagner les entreprises dans le d\u00e9veloppement des comp\u00e9tences de leurs salari\u00e9s, de d\u00e9velopper, soutenir [&hellip;]<\/p>\n","protected":false},"author":1,"featured_media":0,"parent":0,"menu_order":0,"comment_status":"closed","ping_status":"closed","template":"","meta":[],"yoast_head":"<!-- This site is optimized with the Yoast SEO plugin v16.1.1 - https:\/\/yoast.com\/wordpress\/plugins\/seo\/ -->\n<title>OPCO : CONSTRUCTYS - OPCO.fr<\/title>\n<meta name=\"description\" content=\"Liste des conventions collectives couvertes par CONSTRUCTYS\" \/>\n<link rel=\"canonical\" href=\"https:\/\/www.opco.fr\/info\/opco-constructys\/\" \/>\n<meta property=\"og:locale\" content=\"fr_FR\" \/>\n<meta property=\"og:type\" content=\"article\" \/>\n<meta property=\"og:title\" content=\"OPCO : CONSTRUCTYS - OPCO.fr\" \/>\n<meta property=\"og:description\" content=\"Liste des conventions collectives couvertes par CONSTRUCTYS\" \/>\n<meta property=\"og:url\" content=\"https:\/\/www.opco.fr\/info\/opco-constructys\/\" \/>\n<meta property=\"og:site_name\" content=\"OPCO.fr\" \/>\n<meta property=\"article:modified_time\" content=\"2021-05-18T08:41:02+00:00\" \/>\n<meta name=\"twitter:card\" content=\"summary_large_image\" \/>\n<meta name=\"twitter:label1\" content=\"Dur\u00e9e de lecture est.\">\n\t<meta name=\"twitter:data1\" content=\"2 minutes\">\n<script type=\"application\/ld+json\" class=\"yoast-schema-graph\">{\"@context\":\"https:\/\/schema.org\",\"@graph\":[{\"@type\":\"WebSite\",\"@id\":\"https:\/\/www.opco.fr\/info\/#website\",\"url\":\"https:\/\/www.opco.fr\/info\/\",\"name\":\"OPCO.fr\",\"description\":\"Optimisateur de comp\\u00e9tences\",\"potentialAction\":[{\"@type\":\"SearchAction\",\"target\":\"https:\/\/www.opco.fr\/info\/?s={search_term_string}\",\"query-input\":\"required name=search_term_string\"}],\"inLanguage\":\"fr-FR\"},{\"@type\":\"WebPage\",\"@id\":\"https:\/\/www.opco.fr\/info\/opco-constructys\/#webpage\",\"url\":\"https:\/\/www.opco.fr\/info\/opco-constructys\/\",\"name\":\"OPCO : CONSTRUCTYS - OPCO.fr\",\"isPartOf\":{\"@id\":\"https:\/\/www.opco.fr\/info\/#website\"},\"datePublished\":\"2020-12-08T14:57:45+00:00\",\"dateModified\":\"2021-05-18T08:41:02+00:00\",\"description\":\"Liste des conventions collectives couvertes par CONSTRUCTYS\",\"breadcrumb\":{\"@id\":\"https:\/\/www.opco.fr\/info\/opco-constructys\/#breadcrumb\"},\"inLanguage\":\"fr-FR\",\"potentialAction\":[{\"@type\":\"ReadAction\",\"target\":[\"https:\/\/www.opco.fr\/info\/opco-constructys\/\"]}]},{\"@type\":\"BreadcrumbList\",\"@id\":\"https:\/\/www.opco.fr\/info\/opco-constructys\/#breadcrumb\",\"itemListElement\":[{\"@type\":\"ListItem\",\"position\":1,\"item\":{\"@type\":\"WebPage\",\"@id\":\"https:\/\/www.opco.fr\/info\/\",\"url\":\"https:\/\/www.opco.fr\/info\/\",\"name\":\"Accueil\"}},{\"@type\":\"ListItem\",\"position\":2,\"item\":{\"@type\":\"WebPage\",\"@id\":\"https:\/\/www.opco.fr\/info\/opco-constructys\/\",\"url\":\"https:\/\/www.opco.fr\/info\/opco-constructys\/\",\"name\":\"OPCO : CONSTRUCTYS\"}}]}]}<\/script>\n<!-- \/ Yoast SEO plugin. -->","_links":{"self":[{"href":"https:\/\/www.opco.fr\/info\/wp-json\/wp\/v2\/pages\/46"}],"collection":[{"href":"https:\/\/www.opco.fr\/info\/wp-json\/wp\/v2\/pages"}],"about":[{"href":"https:\/\/www.opco.fr\/info\/wp-json\/wp\/v2\/types\/page"}],"author":[{"embeddable":true,"href":"https:\/\/www.opco.fr\/info\/wp-json\/wp\/v2\/users\/1"}],"replies":[{"embeddable":true,"href":"https:\/\/www.opco.fr\/info\/wp-json\/wp\/v2\/comments?post=46"}],"version-history":[{"count":7,"href":"https:\/\/www.opco.fr\/info\/wp-json\/wp\/v2\/pages\/46\/revisions"}],"predecessor-version":[{"id":320,"href":"https:\/\/www.opco.fr\/info\/wp-json\/wp\/v2\/pages\/46\/revisions\/320"}],"wp:attachment":[{"href":"https:\/\/www.opco.fr\/info\/wp-json\/wp\/v2\/media?parent=46"}],"curies":[{"name":"wp","href":"https:\/\/api.w.org\/{rel}","templated":true}]}}