{"id":173,"date":"2021-01-22T10:27:35","date_gmt":"2021-01-22T09:27:35","guid":{"rendered":"https:\/\/www.opco.fr\/info\/?page_id=173"},"modified":"2021-01-28T17:45:07","modified_gmt":"2021-01-28T16:45:07","slug":"liste-des-pages-contribution-formation-professionnelle-par-opco","status":"publish","type":"page","link":"https:\/\/www.opco.fr\/info\/liste-des-pages-contribution-formation-professionnelle-par-opco\/","title":{"rendered":"Liste des pages Contribution Formation Professionnelle par OPCO"},"content":{"rendered":"[vc_row][vc_column]<div class=\"shortcode-wrapper shortcode-title clearfix\"><h2 class=\"\">Versement de la Contribution Formation<\/h2><\/div>[vc_empty_space][vc_column_text]Suivant le calendrier des contributions, les entreprises doivent faire leur versement d&rsquo;acompte, ou de solde d&rsquo;acompte, aux <strong>OPCO<\/strong>.<\/p>\n<p>Il s&rsquo;agit de la <strong>CUFPA<\/strong> : contribution unique \u00e0 la formation professionnelle et \u00e0 l\u2019alternance (loi du 5 septembre 2018)<\/p>\n<p>Vous trouverez ici la liste des pages d\u00e9di\u00e9es aux calculs et proc\u00e9dures de versement par OPCO. Suivant les Op\u00e9rateurs de comp\u00e9tences, vous trouverez plus ou moins de d\u00e9tails sur les calculs des taux selon la masse salariale et autres crit\u00e8res, mais aussi des explications sur la contribution conventionnelle, la contribution suppl\u00e9mentaire \u00e0 l&rsquo;apprentissage (CSA) et la\u00a0contribution pour le financement du <a href=\"https:\/\/www.opco.fr\/info\/quest-ce-que-le-cpf-compte-personnel-de-formation\/\">CPF<\/a> des salari\u00e9s en CDD\u00a0(CPF-CDD, ex-CIF-CDD)<\/p>\n<p>N&rsquo;h\u00e9sitez pas \u00e0 nous contacter si vous voulez ajouter\/modifier un lien !<\/p>\n[\/vc_column_text][vc_cta h2=\u00a0\u00bbTrouvez votre OPCO directement avec le SIRET !\u00a0\u00bb h4=\u00a0\u00bbAvec notre moteur de recherche vous aurez la liste des OPCO possibles\u00a0\u00bb add_button=\u00a0\u00bbright\u00a0\u00bb btn_title=\u00a0\u00bbTrouver l&rsquo;OPCO\u00a0\u00bb btn_color=\u00a0\u00bbwarning\u00a0\u00bb add_icon=\u00a0\u00bbleft\u00a0\u00bb i_icon_fontawesome=\u00a0\u00bbfas fa-exclamation\u00a0\u00bb i_color=\u00a0\u00bbvista_blue\u00a0\u00bb i_background_style=\u00a0\u00bbrounded-outline\u00a0\u00bb i_size=\u00a0\u00bblg\u00a0\u00bb btn_link=\u00a0\u00bburl:https%3A%2F%2Fwww.opco.fr|title:Liste%20des%20pages%20Contribution%20Formation%20Professionnelle%20par%20OPCO\u00a0\u00bb][\/vc_cta][vc_empty_space]<div class=\"shortcode-wrapper shortcode-title clearfix\"><h2 class=\"\">Liste des pages \u00ab\u00a0Contribution formation professionnelle\u00a0\u00bb par Op\u00e9rateurs<\/h2><\/div>[vc_empty_space][vc_column_text]\n<h3>Page de contributions, taux et bordereaux AFDAS :<\/h3>\n<h3><img loading=\"lazy\" class=\"wp-image-105 alignleft\" src=\"https:\/\/www.opco.fr\/info\/wp-content\/uploads\/2020\/12\/opco-afdas-300x121.png\" alt=\"Logo OPCO Afdas\" width=\"149\" height=\"60\" srcset=\"https:\/\/www.opco.fr\/info\/wp-content\/uploads\/2020\/12\/opco-afdas-300x121.png 300w, https:\/\/www.opco.fr\/info\/wp-content\/uploads\/2020\/12\/opco-afdas.png 372w\" sizes=\"(max-width: 149px) 100vw, 149px\" \/><\/h3>\n<p><a href=\"https:\/\/www.afdas.com\/entreprises\/contributions\/archives\/declaration_annuelle\/contribution-formation-professionnelle-comment-proceder\" target=\"_blank\" rel=\"nofollow noopener noreferrer\">https:\/\/www.afdas.com\/entreprises\/contributions\/archives\/declaration_annuelle\/contribution-formation-professionnelle-comment-proceder<\/a><\/p>\n<p><a href=\"https:\/\/www.afdas.com\/entreprises\/contributions\/declaration-de-vos-contributions-en-2021\" target=\"_blank\" rel=\"nofollow noopener noreferrer\">https:\/\/www.afdas.com\/entreprises\/contributions\/declaration-de-vos-contributions-en-2021<\/a><\/p>\n<p>&nbsp;<\/p>\n<h3>Page de contributions, taux et bordereaux AKTO Fafih :<\/h3>\n<p><img loading=\"lazy\" class=\"wp-image-176 alignleft\" src=\"https:\/\/www.opco.fr\/info\/wp-content\/uploads\/2021\/01\/opca-fafih.png\" alt=\"\" width=\"79\" height=\"60\" \/><a href=\"https:\/\/www.fafih.com\/fpc\" target=\"_blank\" rel=\"nofollow noopener noreferrer\">https:\/\/www.fafih.com\/fpc<\/a><\/p>\n<p>&nbsp;<\/p>\n<p>&nbsp;<\/p>\n<h3>Page de contributions, taux et bordereaux AKTO FAF.TT :<\/h3>\n<p><img loading=\"lazy\" class=\"wp-image-174 alignleft\" src=\"https:\/\/www.opco.fr\/info\/wp-content\/uploads\/2021\/01\/opca-faftt.png\" alt=\"\" width=\"107\" height=\"59\" \/><a href=\"https:\/\/www.faftt.fr\/dom\/site\/tt1_684134\/fr\/tout-savoir-sur-la-nouvelle-contribution\" target=\"_blank\" rel=\"nofollow noopener noreferrer\">https:\/\/www.faftt.fr\/dom\/site\/tt1_684134\/fr\/tout-savoir-sur-la-nouvelle-contribution<\/a><\/p>\n<p>&nbsp;<\/p>\n<p>&nbsp;<\/p>\n<h3>Page de contributions, taux et bordereaux AKTO Intergros :<\/h3>\n<p><img loading=\"lazy\" class=\"wp-image-175 alignleft\" src=\"https:\/\/www.opco.fr\/info\/wp-content\/uploads\/2021\/01\/opca-intergros.png\" alt=\"\" width=\"84\" height=\"60\" \/><a href=\"https:\/\/www.intergros.com\/entreprises\/verser-vos-contributions\/les-contributions-formation.html\" target=\"_blank\" rel=\"nofollow noopener noreferrer\">https:\/\/www.intergros.com\/entreprises\/verser-vos-contributions\/les-contributions-formation.html<\/a><\/p>\n<p>&nbsp;<\/p>\n<p>&nbsp;<\/p>\n<h3>Page de contributions, taux et bordereaux AKTO OPCALIA :<\/h3>\n<p><img loading=\"lazy\" class=\"wp-image-177 alignleft\" src=\"https:\/\/www.opco.fr\/info\/wp-content\/uploads\/2021\/01\/opca-opcaliat.png\" alt=\"\" width=\"105\" height=\"60\" \/><a href=\"https:\/\/www.opcalia.com\/collecte-2020-formation-professionnelle-apprentissage\" target=\"_blank\" rel=\"nofollow noopener noreferrer\">https:\/\/www.opcalia.com\/collecte-2020-formation-professionnelle-apprentissage<\/a><\/p>\n<p>&nbsp;<\/p>\n<h3>Page de contributions, taux et bordereaux AKTO Propret\u00e9 :<\/h3>\n<p><a href=\"https:\/\/www.laproprete.org\/votre-contribution-unique\/\" target=\"_blank\" rel=\"nofollow noopener noreferrer\">https:\/\/www.laproprete.org\/votre-contribution-unique\/<\/a><\/p>\n<p>&nbsp;<\/p>\n<h3>Page de contributions, taux et bordereaux ATLAS :<\/h3>\n<p><img loading=\"lazy\" class=\"wp-image-107 alignleft\" src=\"https:\/\/www.opco.fr\/info\/wp-content\/uploads\/2020\/12\/opco-atlas-300x144.png\" alt=\"\" width=\"123\" height=\"59\" srcset=\"https:\/\/www.opco.fr\/info\/wp-content\/uploads\/2020\/12\/opco-atlas-300x144.png 300w, https:\/\/www.opco.fr\/info\/wp-content\/uploads\/2020\/12\/opco-atlas.png 313w\" sizes=\"(max-width: 123px) 100vw, 123px\" \/><a href=\"https:\/\/www.opco-atlas.fr\/entreprise\/declaration-en-ligne.html\" target=\"_blank\" rel=\"nofollow noopener noreferrer\">https:\/\/www.opco-atlas.fr\/entreprise\/declaration-en-ligne.html<\/a><\/p>\n<p>&nbsp;<\/p>\n<p>&nbsp;<\/p>\n<h3>Page de contributions, taux et bordereaux CONSTRUCTYS :<\/h3>\n<p><img loading=\"lazy\" class=\"wp-image-97 alignleft\" src=\"https:\/\/www.opco.fr\/info\/wp-content\/uploads\/2020\/12\/opco-constructys.png\" alt=\"\" width=\"112\" height=\"60\" \/><a href=\"https:\/\/www.constructys.fr\/vos-contributions\/le-financement-de-la-formation-continue-et-de-lapprentissage\/cotisations-entreprises-batiment-et-des-travaux-publics\/\" target=\"_blank\" rel=\"nofollow noopener noreferrer\">https:\/\/www.constructys.fr\/vos-contributions\/le-financement-de-la-formation-continue-et-de-lapprentissage\/cotisations-entreprises-batiment-et-des-travaux-publics\/<\/a><\/p>\n<p>&nbsp;<\/p>\n<p>&nbsp;<\/p>\n<h3>Page de contributions, taux et bordereaux OPCO 2I :<\/h3>\n<p><img loading=\"lazy\" class=\"wp-image-100 alignleft\" src=\"https:\/\/www.opco.fr\/info\/wp-content\/uploads\/2020\/12\/opco-opco2i.png\" alt=\"OPCO 2i\" width=\"52\" height=\"60\" \/><a href=\"https:\/\/www.opco2i.fr\/nous-connaitre\/les-actualites-et-evenements\/collecte-2020-2021\/\" target=\"_blank\" rel=\"nofollow noopener noreferrer\">https:\/\/www.opco2i.fr\/nous-connaitre\/les-actualites-et-evenements\/collecte-2020-2021\/<\/a><\/p>\n<p>&nbsp;<\/p>\n<p>&nbsp;<\/p>\n<h3>Page de contributions, taux et bordereaux OCAPIAT :<\/h3>\n<p><img loading=\"lazy\" class=\"wp-image-99 alignleft\" src=\"https:\/\/www.opco.fr\/info\/wp-content\/uploads\/2020\/12\/opco-ocapiat.png\" alt=\"OPCO OCAPIAT\" width=\"68\" height=\"60\" \/><a href=\"https:\/\/www.ocapiat.fr\/comprendre-et-verser-mes-contributions\/\" target=\"_blank\" rel=\"nofollow noopener noreferrer\">https:\/\/www.ocapiat.fr\/comprendre-et-verser-mes-contributions\/<\/a><\/p>\n<p>&nbsp;<\/p>\n<p>&nbsp;<\/p>\n<h3>Page de contributions, taux et bordereaux OPCO Coh\u00e9sion social :<\/h3>\n<p><img loading=\"lazy\" class=\"wp-image-104 alignleft\" src=\"https:\/\/www.opco.fr\/info\/wp-content\/uploads\/2020\/12\/opco-uniformation.png\" alt=\"\" width=\"93\" height=\"59\" \/><a href=\"https:\/\/www.uniformation.fr\/entreprise\/adhesion-et-contributions\/payer-ma-contribution\" target=\"_blank\" rel=\"nofollow noopener noreferrer\">https:\/\/www.uniformation.fr\/entreprise\/adhesion-et-contributions\/payer-ma-contribution<\/a><\/p>\n<p>&nbsp;<\/p>\n<p>&nbsp;<\/p>\n<h3>Page de contributions, taux et bordereaux OPCO EP :<\/h3>\n<p><img loading=\"lazy\" class=\"wp-image-101 alignleft\" src=\"https:\/\/www.opco.fr\/info\/wp-content\/uploads\/2020\/12\/opco-opco-ep.png\" alt=\"\" width=\"118\" height=\"60\" \/><a href=\"https:\/\/www.opcoep.fr\/verser-mes-contributions\/\" target=\"_blank\" rel=\"nofollow noopener noreferrer\">https:\/\/www.opcoep.fr\/verser-mes-contributions\/<\/a><\/p>\n<p>&nbsp;<\/p>\n<p>&nbsp;<\/p>\n<h3>Page de contributions, taux et bordereaux OPCO Mobilit\u00e9 :<\/h3>\n<p><img loading=\"lazy\" class=\"wp-image-98 alignleft\" src=\"https:\/\/www.opco.fr\/info\/wp-content\/uploads\/2020\/12\/opco-mobilite.png\" alt=\"\" width=\"60\" height=\"60\" \/><a href=\"https:\/\/www.opcomobilites.fr\/focus-sur\/contributions-formation\" target=\"_blank\" rel=\"nofollow noopener noreferrer\">https:\/\/www.opcomobilites.fr\/focus-sur\/contributions-formation<\/a><\/p>\n<p>&nbsp;<\/p>\n<p>&nbsp;<\/p>\n<h3>Page de contributions, taux et bordereaux OPCO Sant\u00e9 :<\/h3>\n<p><img loading=\"lazy\" class=\"wp-image-103 alignleft\" src=\"https:\/\/www.opco.fr\/info\/wp-content\/uploads\/2020\/12\/opco-sante.png\" alt=\"OPCO Sant\u00e9\" width=\"60\" height=\"60\" \/><a href=\"https:\/\/www.opco-sante.fr\/sanitaire-social-medico-social-prive-non-lucratif\/employeur\/adhesion-cotisation-financement\/modalites-de-la-collecte-de-votre-contribution-formation\" target=\"_blank\" rel=\"nofollow noopener noreferrer\">https:\/\/www.opco-sante.fr\/sanitaire-social-medico-social-prive-non-lucratif\/employeur\/adhesion-cotisation-financement\/modalites-de-la-collecte-de-votre-contribution-formation<\/a><\/p>\n<p>&nbsp;<\/p>\n<p>&nbsp;<\/p>\n<h3>Page de contributions, taux et bordereaux OPCOMMERCE :<\/h3>\n<p><img loading=\"lazy\" class=\"wp-image-102 alignleft\" src=\"https:\/\/www.opco.fr\/info\/wp-content\/uploads\/2020\/12\/opco-opcommerce-300x100.png\" alt=\"OPCOMMERCE\" width=\"180\" height=\"60\" srcset=\"https:\/\/www.opco.fr\/info\/wp-content\/uploads\/2020\/12\/opco-opcommerce-300x100.png 300w, https:\/\/www.opco.fr\/info\/wp-content\/uploads\/2020\/12\/opco-opcommerce.png 452w\" sizes=\"(max-width: 180px) 100vw, 180px\" \/><a href=\"https:\/\/www.lopcommerce.com\/entreprise\/bienvenue-a-l-opcommerce\/verser-mes-contributions-formation-et-apprentissage\/\" target=\"_blank\" rel=\"nofollow noopener noreferrer\">https:\/\/www.lopcommerce.com\/entreprise\/bienvenue-a-l-opcommerce\/verser-mes-contributions-formation-et-apprentissage\/<\/a>[\/vc_column_text][\/vc_column][\/vc_row]\n","protected":false},"excerpt":{"rendered":"<p>[vc_row][vc_column][vc_empty_space][vc_column_text]Suivant le calendrier des contributions, les entreprises doivent faire leur versement d&rsquo;acompte, ou de solde d&rsquo;acompte, aux OPCO. Il s&rsquo;agit de la CUFPA : contribution unique \u00e0 la formation professionnelle et \u00e0 l\u2019alternance (loi du 5 septembre 2018) Vous trouverez ici la liste des pages d\u00e9di\u00e9es aux calculs et proc\u00e9dures de versement par OPCO. Suivant [&hellip;]<\/p>\n","protected":false},"author":1,"featured_media":0,"parent":0,"menu_order":0,"comment_status":"closed","ping_status":"closed","template":"","meta":[],"yoast_head":"<!-- This site is optimized with the Yoast SEO plugin v16.1.1 - https:\/\/yoast.com\/wordpress\/plugins\/seo\/ -->\n<title>Liste des pages Contribution Formation Professionnelle par OPCO - OPCO.fr<\/title>\n<meta name=\"description\" content=\"Liste pratique des liens directs pour le versement de la contribution formation professionnelle par OPCO\" \/>\n<link rel=\"canonical\" href=\"https:\/\/www.opco.fr\/info\/liste-des-pages-contribution-formation-professionnelle-par-opco\/\" \/>\n<meta property=\"og:locale\" content=\"fr_FR\" \/>\n<meta property=\"og:type\" content=\"article\" \/>\n<meta property=\"og:title\" content=\"Liste des pages Contribution Formation Professionnelle par OPCO - OPCO.fr\" \/>\n<meta property=\"og:description\" content=\"Liste pratique des liens directs pour le versement de la contribution formation professionnelle par OPCO\" \/>\n<meta property=\"og:url\" content=\"https:\/\/www.opco.fr\/info\/liste-des-pages-contribution-formation-professionnelle-par-opco\/\" \/>\n<meta property=\"og:site_name\" content=\"OPCO.fr\" \/>\n<meta property=\"article:modified_time\" content=\"2021-01-28T16:45:07+00:00\" \/>\n<meta property=\"og:image\" content=\"https:\/\/www.opco.fr\/info\/wp-content\/uploads\/2020\/12\/opco-afdas-300x121.png\" \/>\n<meta name=\"twitter:card\" content=\"summary_large_image\" \/>\n<meta name=\"twitter:label1\" content=\"Dur\u00e9e de lecture est.\">\n\t<meta name=\"twitter:data1\" content=\"2 minutes\">\n<script type=\"application\/ld+json\" class=\"yoast-schema-graph\">{\"@context\":\"https:\/\/schema.org\",\"@graph\":[{\"@type\":\"WebSite\",\"@id\":\"https:\/\/www.opco.fr\/info\/#website\",\"url\":\"https:\/\/www.opco.fr\/info\/\",\"name\":\"OPCO.fr\",\"description\":\"Optimisateur de comp\\u00e9tences\",\"potentialAction\":[{\"@type\":\"SearchAction\",\"target\":\"https:\/\/www.opco.fr\/info\/?s={search_term_string}\",\"query-input\":\"required name=search_term_string\"}],\"inLanguage\":\"fr-FR\"},{\"@type\":\"ImageObject\",\"@id\":\"https:\/\/www.opco.fr\/info\/liste-des-pages-contribution-formation-professionnelle-par-opco\/#primaryimage\",\"inLanguage\":\"fr-FR\",\"url\":\"https:\/\/www.opco.fr\/info\/wp-content\/uploads\/2020\/12\/opco-afdas.png\",\"contentUrl\":\"https:\/\/www.opco.fr\/info\/wp-content\/uploads\/2020\/12\/opco-afdas.png\",\"width\":372,\"height\":150},{\"@type\":\"WebPage\",\"@id\":\"https:\/\/www.opco.fr\/info\/liste-des-pages-contribution-formation-professionnelle-par-opco\/#webpage\",\"url\":\"https:\/\/www.opco.fr\/info\/liste-des-pages-contribution-formation-professionnelle-par-opco\/\",\"name\":\"Liste des pages Contribution Formation Professionnelle par OPCO - OPCO.fr\",\"isPartOf\":{\"@id\":\"https:\/\/www.opco.fr\/info\/#website\"},\"primaryImageOfPage\":{\"@id\":\"https:\/\/www.opco.fr\/info\/liste-des-pages-contribution-formation-professionnelle-par-opco\/#primaryimage\"},\"datePublished\":\"2021-01-22T09:27:35+00:00\",\"dateModified\":\"2021-01-28T16:45:07+00:00\",\"description\":\"Liste pratique des liens directs pour le versement de la contribution formation professionnelle par OPCO\",\"breadcrumb\":{\"@id\":\"https:\/\/www.opco.fr\/info\/liste-des-pages-contribution-formation-professionnelle-par-opco\/#breadcrumb\"},\"inLanguage\":\"fr-FR\",\"potentialAction\":[{\"@type\":\"ReadAction\",\"target\":[\"https:\/\/www.opco.fr\/info\/liste-des-pages-contribution-formation-professionnelle-par-opco\/\"]}]},{\"@type\":\"BreadcrumbList\",\"@id\":\"https:\/\/www.opco.fr\/info\/liste-des-pages-contribution-formation-professionnelle-par-opco\/#breadcrumb\",\"itemListElement\":[{\"@type\":\"ListItem\",\"position\":1,\"item\":{\"@type\":\"WebPage\",\"@id\":\"https:\/\/www.opco.fr\/info\/\",\"url\":\"https:\/\/www.opco.fr\/info\/\",\"name\":\"Accueil\"}},{\"@type\":\"ListItem\",\"position\":2,\"item\":{\"@type\":\"WebPage\",\"@id\":\"https:\/\/www.opco.fr\/info\/liste-des-pages-contribution-formation-professionnelle-par-opco\/\",\"url\":\"https:\/\/www.opco.fr\/info\/liste-des-pages-contribution-formation-professionnelle-par-opco\/\",\"name\":\"Liste des pages Contribution Formation Professionnelle par OPCO\"}}]}]}<\/script>\n<!-- \/ Yoast SEO plugin. -->","_links":{"self":[{"href":"https:\/\/www.opco.fr\/info\/wp-json\/wp\/v2\/pages\/173"}],"collection":[{"href":"https:\/\/www.opco.fr\/info\/wp-json\/wp\/v2\/pages"}],"about":[{"href":"https:\/\/www.opco.fr\/info\/wp-json\/wp\/v2\/types\/page"}],"author":[{"embeddable":true,"href":"https:\/\/www.opco.fr\/info\/wp-json\/wp\/v2\/users\/1"}],"replies":[{"embeddable":true,"href":"https:\/\/www.opco.fr\/info\/wp-json\/wp\/v2\/comments?post=173"}],"version-history":[{"count":6,"href":"https:\/\/www.opco.fr\/info\/wp-json\/wp\/v2\/pages\/173\/revisions"}],"predecessor-version":[{"id":217,"href":"https:\/\/www.opco.fr\/info\/wp-json\/wp\/v2\/pages\/173\/revisions\/217"}],"wp:attachment":[{"href":"https:\/\/www.opco.fr\/info\/wp-json\/wp\/v2\/media?parent=173"}],"curies":[{"name":"wp","href":"https:\/\/api.w.org\/{rel}","templated":true}]}}