{"version":"1.0","provider_name":"OPCO.fr","provider_url":"https:\/\/www.opco.fr\/info","author_name":"Administrateur","author_url":"https:\/\/www.opco.fr\/info\/author\/administrateur\/","title":"Emploi pr\u00e9caire : quels enjeux pour la formation ? - OPCO.fr","type":"rich","width":600,"height":338,"html":"<blockquote class=\"wp-embedded-content\"><a href=\"https:\/\/www.opco.fr\/info\/emploi-precaire-quels-enjeux-pour-la-formation\/\">Emploi pr\u00e9caire : quels enjeux pour la formation ?<\/a><\/blockquote>\n<script type='text\/javascript'>\n<!--\/\/--><![CDATA[\/\/><!--\n\t\t\/*! This file is auto-generated *\/\n\t\t!function(d,l){\"use strict\";var e=!1,n=!1;if(l.querySelector)if(d.addEventListener)e=!0;if(d.wp=d.wp||{},!d.wp.receiveEmbedMessage)if(d.wp.receiveEmbedMessage=function(e){var t=e.data;if(t)if(t.secret||t.message||t.value)if(!\/[^a-zA-Z0-9]\/.test(t.secret)){for(var r,i,a,s=l.querySelectorAll('iframe[data-secret=\"'+t.secret+'\"]'),n=l.querySelectorAll('blockquote[data-secret=\"'+t.secret+'\"]'),o=new RegExp(\"^https?:$\",\"i\"),c=0;c<n.length;c++)n[c].style.display=\"none\";for(c=0;c<s.length;c++)if(r=s[c],e.source===r.contentWindow){if(r.removeAttribute(\"style\"),\"height\"===t.message){if(1e3<(a=parseInt(t.value,10)))a=1e3;else if(~~a<200)a=200;r.height=a}if(\"link\"===t.message)if(i=l.createElement(\"a\"),a=l.createElement(\"a\"),i.href=r.getAttribute(\"src\"),a.href=t.value,o.test(a.protocol))if(a.host===i.host)if(l.activeElement===r)d.top.location.href=t.value}}},e)d.addEventListener(\"message\",d.wp.receiveEmbedMessage,!1),l.addEventListener(\"DOMContentLoaded\",t,!1),d.addEventListener(\"load\",t,!1);function t(){if(!n){n=!0;for(var e,t,r=-1!==navigator.appVersion.indexOf(\"MSIE 10\"),i=!!navigator.userAgent.match(\/Trident.*rv:11\\.\/),a=l.querySelectorAll(\"iframe.wp-embedded-content\"),s=0;s<a.length;s++){if(!(e=a[s]).getAttribute(\"data-secret\"))t=Math.random().toString(36).substr(2,10),e.src+=\"#?secret=\"+t,e.setAttribute(\"data-secret\",t);if(r||i)(t=e.cloneNode(!0)).removeAttribute(\"security\"),e.parentNode.replaceChild(t,e)}}}}(window,document);\n\/\/--><!]]>\n<\/script><iframe sandbox=\"allow-scripts\" security=\"restricted\" src=\"https:\/\/www.opco.fr\/info\/emploi-precaire-quels-enjeux-pour-la-formation\/embed\/\" width=\"600\" height=\"338\" title=\"\u00ab\u00a0Emploi pr\u00e9caire : quels enjeux pour la formation ?\u00a0\u00bb &#8212; OPCO.fr\" frameborder=\"0\" marginwidth=\"0\" marginheight=\"0\" scrolling=\"no\" class=\"wp-embedded-content\"><\/iframe>","thumbnail_url":"https:\/\/www.opco.fr\/info\/wp-content\/uploads\/2021\/06\/pont.jpg","thumbnail_width":1276,"thumbnail_height":371,"description":"[vc_row][vc_column][vc_column_text el_id=\u00a0\u00bbWP-intro\u00a0\u00bb]Les emplois \u00ab \u00e9clat\u00e9s \u00bb occupent une place grandissante dans l\u2019horizon des modalit\u00e9s de travail. Cumul de jobs \u00e0 temps partiel et changement fr\u00e9quent d\u2019employeur sont le quotidien de nombreux travailleurs en France. Faibles revenus, instabilit\u00e9 et absence de perspectives, quels profils font face \u00e0 la pr\u00e9carit\u00e9 d\u2019un emploi \u00ab \u00e9clat\u00e9 \u00bb durable et [&hellip;]"}

Emploi précaire : quels enjeux pour la formation ? - OPCO.fr

<blockquote class="wp-embedded-content"><a href="https://www.opco.fr/info/emploi-precaire-quels-enjeux-pour-la-formation/">Emploi précaire : quels enjeux pour la formation ?</a></blockquote>
<script type='text/javascript'>
<!--//--><![CDATA[//><!--
		/*! This file is auto-generated */
		!function(d,l){"use strict";var e=!1,n=!1;if(l.querySelector)if(d.addEventListener)e=!0;if(d.wp=d.wp||{},!d.wp.receiveEmbedMessage)if(d.wp.receiveEmbedMessage=function(e){var t=e.data;if(t)if(t.secret||t.message||t.value)if(!/[^a-zA-Z0-9]/.test(t.secret)){for(var r,i,a,s=l.querySelectorAll('iframe[data-secret="'+t.secret+'"]'),n=l.querySelectorAll('blockquote[data-secret="'+t.secret+'"]'),o=new RegExp("^https?:$","i"),c=0;c<n.length;c++)n[c].style.display="none";for(c=0;c<s.length;c++)if(r=s[c],e.source===r.contentWindow){if(r.removeAttribute("style"),"height"===t.message){if(1e3<(a=parseInt(t.value,10)))a=1e3;else if(~~a<200)a=200;r.height=a}if("link"===t.message)if(i=l.createElement("a"),a=l.createElement("a"),i.href=r.getAttribute("src"),a.href=t.value,o.test(a.protocol))if(a.host===i.host)if(l.activeElement===r)d.top.location.href=t.value}}},e)d.addEventListener("message",d.wp.receiveEmbedMessage,!1),l.addEventListener("DOMContentLoaded",t,!1),d.addEventListener("load",t,!1);function t(){if(!n){n=!0;for(var e,t,r=-1!==navigator.appVersion.indexOf("MSIE 10"),i=!!navigator.userAgent.match(/Trident.*rv:11\./),a=l.querySelectorAll("iframe.wp-embedded-content"),s=0;s<a.length;s++){if(!(e=a[s]).getAttribute("data-secret"))t=Math.random().toString(36).substr(2,10),e.src+="#?secret="+t,e.setAttribute("data-secret",t);if(r||i)(t=e.cloneNode(!0)).removeAttribute("security"),e.parentNode.replaceChild(t,e)}}}}(window,document);
//--><!]]>
</script><iframe sandbox="allow-scripts" security="restricted" src="https://www.opco.fr/info/emploi-precaire-quels-enjeux-pour-la-formation/embed/" width="600" height="338" title="« Emploi précaire : quels enjeux pour la formation ? » &#8212; OPCO.fr" frameborder="0" marginwidth="0" marginheight="0" scrolling="no" class="wp-embedded-content"></iframe>

[vc_row][vc_column][vc_column_text el_id= »WP-intro »]Les emplois « éclatés » occupent une place grandissante dans l’horizon des modalités de travail. Cumul de jobs à temps partiel et changement fréquent d’employeur sont le quotidien de nombreux travailleurs en France. Faibles revenus, instabilité et absence de perspectives, quels profils font face à la précarité d’un emploi « éclaté » durable et [&hellip;]
