{"version":"1.0","provider_name":"OPCO.fr","provider_url":"https:\/\/www.opco.fr\/info","author_name":"Administrateur","author_url":"https:\/\/www.opco.fr\/info\/author\/administrateur\/","title":"2021 : les m\u00e9tiers r\u00e9v\u00e9l\u00e9s par la crise sanitaire - OPCO.fr","type":"rich","width":600,"height":338,"html":"<blockquote class=\"wp-embedded-content\"><a href=\"https:\/\/www.opco.fr\/info\/2021-les-metiers-reveles-par-la-crise-sanitaire\/\">2021 : les m\u00e9tiers r\u00e9v\u00e9l\u00e9s par la crise sanitaire<\/a><\/blockquote>\n<script type='text\/javascript'>\n<!--\/\/--><![CDATA[\/\/><!--\n\t\t\/*! This file is auto-generated *\/\n\t\t!function(d,l){\"use strict\";var e=!1,n=!1;if(l.querySelector)if(d.addEventListener)e=!0;if(d.wp=d.wp||{},!d.wp.receiveEmbedMessage)if(d.wp.receiveEmbedMessage=function(e){var t=e.data;if(t)if(t.secret||t.message||t.value)if(!\/[^a-zA-Z0-9]\/.test(t.secret)){for(var r,i,a,s=l.querySelectorAll('iframe[data-secret=\"'+t.secret+'\"]'),n=l.querySelectorAll('blockquote[data-secret=\"'+t.secret+'\"]'),o=new RegExp(\"^https?:$\",\"i\"),c=0;c<n.length;c++)n[c].style.display=\"none\";for(c=0;c<s.length;c++)if(r=s[c],e.source===r.contentWindow){if(r.removeAttribute(\"style\"),\"height\"===t.message){if(1e3<(a=parseInt(t.value,10)))a=1e3;else if(~~a<200)a=200;r.height=a}if(\"link\"===t.message)if(i=l.createElement(\"a\"),a=l.createElement(\"a\"),i.href=r.getAttribute(\"src\"),a.href=t.value,o.test(a.protocol))if(a.host===i.host)if(l.activeElement===r)d.top.location.href=t.value}}},e)d.addEventListener(\"message\",d.wp.receiveEmbedMessage,!1),l.addEventListener(\"DOMContentLoaded\",t,!1),d.addEventListener(\"load\",t,!1);function t(){if(!n){n=!0;for(var e,t,r=-1!==navigator.appVersion.indexOf(\"MSIE 10\"),i=!!navigator.userAgent.match(\/Trident.*rv:11\\.\/),a=l.querySelectorAll(\"iframe.wp-embedded-content\"),s=0;s<a.length;s++){if(!(e=a[s]).getAttribute(\"data-secret\"))t=Math.random().toString(36).substr(2,10),e.src+=\"#?secret=\"+t,e.setAttribute(\"data-secret\",t);if(r||i)(t=e.cloneNode(!0)).removeAttribute(\"security\"),e.parentNode.replaceChild(t,e)}}}}(window,document);\n\/\/--><!]]>\n<\/script><iframe sandbox=\"allow-scripts\" security=\"restricted\" src=\"https:\/\/www.opco.fr\/info\/2021-les-metiers-reveles-par-la-crise-sanitaire\/embed\/\" width=\"600\" height=\"338\" title=\"\u00ab\u00a02021 : les m\u00e9tiers r\u00e9v\u00e9l\u00e9s par la crise sanitaire\u00a0\u00bb &#8212; OPCO.fr\" frameborder=\"0\" marginwidth=\"0\" marginheight=\"0\" scrolling=\"no\" class=\"wp-embedded-content\"><\/iframe>","thumbnail_url":"https:\/\/www.opco.fr\/info\/wp-content\/uploads\/2021\/07\/digital-nomad-5005249_1280.jpg","thumbnail_width":1280,"thumbnail_height":648,"description":"[vc_row][vc_column][vc_column_text el_id=\u00a0\u00bbWP-intro\u00a0\u00bb]La crise sanitaire du coronavirus a entrain\u00e9 une mutation consid\u00e9rable du march\u00e9 de l\u2019emploi. Devant des contraintes soudaines et inattendues, le monde du travail fait, depuis mars 2020, l\u2019objet d\u2019une adaptation acc\u00e9l\u00e9r\u00e9e. Secteurs \u00e0 l\u2019arr\u00eat, fonctions en d\u00e9su\u00e9tude, apparition du t\u00e9l\u00e9travail et des services \u00e0 distance, des facteurs in\u00e9dits fa\u00e7onnent cette m\u00e9tamorphose. Comment les [&hellip;]"}

2021 : les métiers révélés par la crise sanitaire - OPCO.fr

<blockquote class="wp-embedded-content"><a href="https://www.opco.fr/info/2021-les-metiers-reveles-par-la-crise-sanitaire/">2021 : les métiers révélés par la crise sanitaire</a></blockquote>
<script type='text/javascript'>
<!--//--><![CDATA[//><!--
		/*! This file is auto-generated */
		!function(d,l){"use strict";var e=!1,n=!1;if(l.querySelector)if(d.addEventListener)e=!0;if(d.wp=d.wp||{},!d.wp.receiveEmbedMessage)if(d.wp.receiveEmbedMessage=function(e){var t=e.data;if(t)if(t.secret||t.message||t.value)if(!/[^a-zA-Z0-9]/.test(t.secret)){for(var r,i,a,s=l.querySelectorAll('iframe[data-secret="'+t.secret+'"]'),n=l.querySelectorAll('blockquote[data-secret="'+t.secret+'"]'),o=new RegExp("^https?:$","i"),c=0;c<n.length;c++)n[c].style.display="none";for(c=0;c<s.length;c++)if(r=s[c],e.source===r.contentWindow){if(r.removeAttribute("style"),"height"===t.message){if(1e3<(a=parseInt(t.value,10)))a=1e3;else if(~~a<200)a=200;r.height=a}if("link"===t.message)if(i=l.createElement("a"),a=l.createElement("a"),i.href=r.getAttribute("src"),a.href=t.value,o.test(a.protocol))if(a.host===i.host)if(l.activeElement===r)d.top.location.href=t.value}}},e)d.addEventListener("message",d.wp.receiveEmbedMessage,!1),l.addEventListener("DOMContentLoaded",t,!1),d.addEventListener("load",t,!1);function t(){if(!n){n=!0;for(var e,t,r=-1!==navigator.appVersion.indexOf("MSIE 10"),i=!!navigator.userAgent.match(/Trident.*rv:11\./),a=l.querySelectorAll("iframe.wp-embedded-content"),s=0;s<a.length;s++){if(!(e=a[s]).getAttribute("data-secret"))t=Math.random().toString(36).substr(2,10),e.src+="#?secret="+t,e.setAttribute("data-secret",t);if(r||i)(t=e.cloneNode(!0)).removeAttribute("security"),e.parentNode.replaceChild(t,e)}}}}(window,document);
//--><!]]>
</script><iframe sandbox="allow-scripts" security="restricted" src="https://www.opco.fr/info/2021-les-metiers-reveles-par-la-crise-sanitaire/embed/" width="600" height="338" title="« 2021 : les métiers révélés par la crise sanitaire » &#8212; OPCO.fr" frameborder="0" marginwidth="0" marginheight="0" scrolling="no" class="wp-embedded-content"></iframe>

[vc_row][vc_column][vc_column_text el_id= »WP-intro »]La crise sanitaire du coronavirus a entrainé une mutation considérable du marché de l’emploi. Devant des contraintes soudaines et inattendues, le monde du travail fait, depuis mars 2020, l’objet d’une adaptation accélérée. Secteurs à l’arrêt, fonctions en désuétude, apparition du télétravail et des services à distance, des facteurs inédits façonnent cette métamorphose. Comment les [&hellip;]
